u + 4. Let l be w(x). Let p = l - -92. Calculate the highest common factor of p and 14.
14
Let l(b) = 38*b**2 + b - 1. Let z be l(1). Suppose 0 = 42*c - z*c - 216. Suppose 29 = s - 7. What is the greatest common divisor of s and c?
18
Suppose 0*x - 3*x + 15 = 0. Suppose -68 = -9*r + x*r. Calculate the highest common divisor of r and 51.
17
Suppose 0 = -7*k + 6*k + 50. Let x(g) = -3*g**3 + 48*g**2 - 44*g + 10. Let b be x(15). Calculate the greatest common factor of b and k.
25
Let f(n) = -7*n + 121. Let t be f(-21). Calculate the highest common factor of 67 and t.
67
Let o = 9 + 5. Let x(q) = -q**3 + 13*q**2 + 16*q - 4. Let l be x(o). What is the highest common factor of 48 and l?
24
Suppose 4*k - 246*f + 251*f - 921 = 0, -3*k = f - 677. What is the highest common factor of k and 140?
28
Let v = 12 - -7. Suppose -90*j = -89*j - 171. Calculate the highest common divisor of v and j.
19
Let x be ((-2)/(-4))/((-60)/(-120))*145. What is the greatest common factor of 29 and x?
29
Let y be (17 + (-1638)/90)/((-2)/155). Let d(c) = c**2 - c + 31. Let p be d(0). What is the highest common divisor of y and p?
31
Let v be 3/(-30) + (-156)/40. Let x be (1 + -29)/v*2. What is the greatest common divisor of x and 2?
2
Let c(h) = 42*h - 1. Let x be c(3). What is the greatest common factor of 5 and x?
5
Let s(v) be the third derivative of v**4/24 + 19*v**3/6 + 4*v**2 + 2*v. Let w be s(-15). What is the greatest common divisor of 108 and w?
4
Suppose 4*w + 49 - 161 = 0. Let j = -83 - -195. What is the greatest common divisor of j and w?
28
Let n(f) = -6*f - 60. Let s(l) = -l - 12. Let r(x) = 3*n(x) - 14*s(x). Let z be r(-9). Let k = 307 + -211. Calculate the greatest common divisor of z and k.
24
Let t = 423 + -421. Calculate the greatest common divisor of 92 and t.
2
Suppose 5*f = -g + 456, -3*g - 13 = -1. Let l = -42 + f. What is the greatest common divisor of 400 and l?
50
Let n(w) = -w**3 + 11*w**2 - 34*w + 136. Let l be n(7). What is the highest common divisor of l and 141?
47
Suppose j + j = -5*w + 28, 2*w = -4*j + 8. Let q be -4 + (-75)/(w/(-2)). Let l = -13 + q. What is the greatest common divisor of l and 24?
8
Let x be -1 + (-770)/(4 + -9). Let g(b) = -b**2 - 2*b - 6. Let w be g(-6). Let u = 47 + w. What is the highest common divisor of x and u?
17
Suppose 53*g = 607 + 5594. Calculate the highest common factor of g and 156.
39
Let n(m) = 7*m - 5 - 4*m - m + m**2 + 0*m**2. Let x be n(-4). Suppose 5*h = -x + 58. What is the greatest common factor of h and 33?
11
Let t be (-3 - (1 + 16/(-6)))*-3. Suppose 5*a + 0 = t*l + 11, 0 = -2*l + 2*a - 4. What is the highest common divisor of 7 and l?
1
Let w be -240*1*3/(-6). Calculate the greatest common divisor of w and 228.
12
Suppose 5*k - 2*x - 5708 = 0, 1812 = 2*k + 3*x - 456. Calculate the greatest common factor of k and 60.
60
Let b(o) = -o - o + 3*o. Let l be b(3). Let h = -368 - -369. Calculate the greatest common factor of l and h.
1
Suppose -3*w + 4 + 176 = 0. Let g be (-30)/((-3)/((-21)/(-14))). What is the highest common factor of g and w?
15
Suppose 1360 = 5*s + 3*q, 5*s - 107*q = -102*q + 1400. What is the highest common factor of s and 22?
11
Let r(d) = 6*d - 1 + 1 - d**2 + 2*d**3 - 3. Let x be (-1)/4*-3*4 - 0. Let i be r(x). Calculate the highest common divisor of i and 24.
12
Let f be (11 + 1)*(-35)/(-28). Let s = -12 + f. Suppose -3*m + 11 = -4*x, -3*x = -m + 2*x + 11. What is the greatest common factor of s and m?
1
Let h(v) = v**3 - 9*v**2 - 10*v + 4. Let n be h(10). Let u = n + -5. Let g be 1/(42/(-45) - u). Calculate the highest common divisor of g and 105.
15
Let o = 390 - 361. What is the greatest common factor of 1 and o?
1
Let m(b) = -b**3 - 12*b**2 + 7*b + 10. Let v = 9 - 22. Let u be m(v). Suppose -9*n + 200 = -u. Calculate the greatest common factor of n and 16.
16
Let y be 14*(-3)/3*-1. Let f be 10020/70 + -3 + 2/(-14). Calculate the highest common factor of y and f.
14
Let z(r) = -14*r - 43. Let n be z(-5). Calculate the greatest common factor of 432 and n.
27
Suppose 0 = -0*i - 4*i + 52. Let z = 1 - i. Let r = 1 - z. Calculate the greatest common factor of 39 and r.
13
Let p be (-8 - -4) + 16 - (-6)/(-2). Let x(r) = -r**3 + 10*r**2 - 7*r - 10. Let l be x(9). Suppose -p + l = -m. What is the highest common factor of m and 1?
1
Let u(i) = -i**2 - 13*i + 11. Let l be u(-13). Suppose l*r - 6*r - 150 = 0. Suppose 0*g = 6*g - 18. Calculate the greatest common divisor of r and g.
3
Let f = 2506 - 2487. What is the greatest common divisor of 1 and f?
1
Let k be 202/3 - 76/(-114). What is the greatest common factor of 51 and k?
17
Let n(d) = -2*d**2 + 81*d - 105. Let k be n(30). What is the highest common divisor of 125 and k?
25
Suppose 5*z + i - 2690 = 0, z - 1049 = -z + 5*i. Let m be -1*(-1)/4 + z/12. Calculate the greatest common divisor of m and 9.
9
Let g(h) = -3*h**3 - 29*h**2 - 4*h - 17. Let m be g(-10). What is the highest common divisor of m and 6?
3
Let j(v) = 35*v - 6. Let m be j(1). What is the highest common divisor of 29 and m?
29
Let d = 10 + -1. Let y be (-1)/3 - (-327)/d. Calculate the highest common divisor of 90 and y.
18
Let d = 32 + -14. Let w(t) = 7*t**3 - 4*t**2 + 2*t + 1. Let n be w(2). What is the greatest common divisor of n and d?
9
Suppose 0 = 6*i - 347 - 199. What is the greatest common divisor of 39 and i?
13
Let i(p) = p**3 - 12*p**2 + 10*p + 5. Let z be i(11). Let n be (-2 - 849/(-15)) + z/(-15). Calculate the greatest common factor of 11 and n.
11
Let p = 64 - 162. Let r = -90 - p. What is the highest common factor of r and 80?
8
Let r be 13 + -1*(-8 + 12). Calculate the highest common factor of 657 and r.
9
Suppose -4*t - 75 + 255 = 0. Let f be -10 - (3 - 13) - 2*-9. Calculate the greatest common divisor of t and f.
9
Let m(o) = -o**3 - o**2 + o + 10. Let x be m(0). Let l be 7/((-7)/(-2))*40. Calculate the highest common factor of x and l.
10
Suppose 204 = 5*z + 5*m - 86, -58 = -z - 2*m. What is the greatest common factor of z and 116?
58
Let n be (6 - (-152)/(-28)) + 860/14. What is the greatest common factor of 1550 and n?
62
Let g = -102 - -104. Let k(i) = 49*i + 10. Let o be k(g). Calculate the highest common factor of o and 12.
12
Let p = -523 + 1306. Suppose -5*j - 4*r = -1268, 5*j = 2*j + 5*r + p. Calculate the greatest common divisor of j and 32.
32
Let z(n) = 0*n - 4 - 3 + 6*n**2 - 5*n**2 - 3*n. Let g be z(-4). What is the highest common factor of 147 and g?
21
Let n(q) = -q**3 + 2 + q + 6*q**2 - 5*q + 4*q. Let p be n(6). Let h be -9*p/(-3)*3. What is the greatest common factor of 2 and h?
2
Let d = 312 + -254. Calculate the greatest common factor of d and 1334.
58
Let v = 20 - 17. Let l = 6 + -11. Let x be -1*(l + 2 - 0). Calculate the highest common factor of x and v.
3
Let q = 119 + -92. What is the highest common divisor of 21 and q?
3
Let a = -26 + 31. What is the highest common divisor of 10 and a?
5
Let j be -3 + -3 + 3 - 1. Let r be (1496/j*-1)/((-6)/(-3)). Calculate the highest common factor of r and 17.
17
Suppose 0*g + 2*g - 4*a - 98 = 0, 4*a - 12 = 0. Let l be 33/g + 7/5. Let b be (1 - 6)/(l/(-4)). Calculate the highest common divisor of b and 40.
10
Let b(g) = -5*g + 31. Let s be b(7). Let c be (s - -5)/(-1) - 1*-2. Calculate the highest common divisor of 9 and c.
1
Let f = 5 + -2. Let m be 61/183 - (-29)/3 - -5. What is the highest common divisor of f and m?
3
Suppose 235 - 77 = o. Suppose 2*m = 4*a - o, 4*a + 2*m + 12 - 190 = 0. What is the highest common divisor of a and 14?
14
Let a = -75 - -107. Calculate the greatest common divisor of a and 208.
16
Suppose 4*q = 5*p - 1572, -p + 2*p - 310 = 3*q. Let m = -208 + p. Suppose i - m = -0*i. Calculate the highest common factor of i and 12.
12
Suppose -3*s + 6*s = 3*r + 270, s = 4*r + 99. Suppose i - 153 = s. Suppose 2*c - i = -c. Calculate the highest common factor of c and 16.
16
Suppose x - 5 + 0 = 3*n, -4*x = 2*n + 8. Let h be 2 + -4 + (-124)/n. Let a be (-896)/(-30) + 8/h. Calculate the highest common factor of 270 and a.
30
Suppose 2*x - 4*h = -8, -3*x - h = -5*h + 18. Let j(m) = -6*m - 10. Let l be j(-5). Let t = l + x. Calculate the highest common divisor of t and 25.
5
Suppose 7*n + 164 = 3*n. Let f = -19 - n. Let k be (0 + -33)*-1 - 0. What is the highest common factor of 